 of 71262238?
6
What is the tens digit of 636726599?
9
What is the hundred millions digit of 277658329?
2
What is the hundred millions digit of 355281727?
3
What is the ten thousands digit of 8525148427?
4
What is the tens digit of 12248385?
8
What is the ten thousands digit of 149693009?
9
What is the thousands digit of 564180834?
0
What is the hundred thousands digit of 544964780?
9
What is the millions digit of 4240348?
4
What is the hundred thousands digit of 437210379?
2
What is the hundred thousands digit of 9572689?
5
What is the ten millions digit of 91741258?
9
What is the millions digit of 3495572229?
5
What is the ten thousands digit of 1998405001?
0
What is the hundred thousands digit of 3014375084?
3
What is the tens digit of 100293132?
3
What is the units digit of 1520459502?
2
What is the units digit of 948761339?
9
What is the ten millions digit of 4309262261?
0
What is the ten millions digit of 343688068?
4
What is the tens digit of 2305451174?
7
What is the thousands digit of 82116878?
6
What is the ten millions digit of 159631759?
5
What is the units digit of 1084980367?
7
What is the ten thousands digit of 285611463?
1
What is the billions digit of 1759020444?
1
What is the hundred millions digit of 249181159?
2
What is the millions digit of 125816038?
5
What is the ten millions digit of 240054977?
4
What is the millions digit of 15228644?
5
What is the ten thousands digit of 59335066?
3
What is the hundred millions digit of 304146245?
3
What is the hundreds digit of 1056277039?
0
What is the millions digit of 167341784?
7
What is the ten thousands digit of 90738530?
3
What is the thousands digit of 4186419938?
9
What is the hundred thousands digit of 367283887?
2
What is the hundred thousands digit of 83967837?
9
What is the hundred thousands digit of 779325271?
3
What is the hundred millions digit of 106555494?
1
What is the ten thousands digit of 377959586?
5
What is the hundred millions digit of 125558719?
1
What is the ten millions digit of 884175638?
8
What is the ten millions digit of 237441482?
3
What is the ten thousands digit of 17446470?
4
What is the ten thousands digit of 196014887?
1
What is the thousands digit of 20911853?
1
What is the thousands digit of 758953207?
3
What is the thousands digit of 2207417850?
7
What is the ten millions digit of 18924362?
1
What is the hundred thousands digit of 567323235?
3
What is the hundred thousands digit of 3201996?
2
What is the hundred millions digit of 221355584?
2
What is the thousands digit of 11293867?
3
What is the ten thousands digit of 5626540?
2
What is the millions digit of 167873630?
7
What is the units digit of 1717610071?
1
What is the ten millions digit of 78807910?
7
What is the thousands digit of 390865141?
5
What is the hundred thousands digit of 5079823?
0
What is the hundred thousands digit of 717600379?
6
What is the units digit of 528638414?
4
What is the units digit of 137243798?
8
What is the millions digit of 1291874801?
1
What is the ten thousands digit of 1234838?
3
What is the tens digit of 11592799?
9
What is the hundreds digit of 35451085?
0
What is the hundred millions digit of 259765478?
2
What is the thousands digit of 144524677?
4
What is the ten millions digit of 836915985?
3
What is the units digit of 181839401?
1
What is the hundred thousands digit of 936086332?
0
What is the ten millions digit of 307944716?
0
What is the millions digit of 10399371?
0
What is the billions digit of 2173460944?
2
What is the units digit of 1739474988?
8
What is the tens digit of 74471659?
5
What is the hundred thousands digit of 1145231606?
2
What is the tens digit of 111495942?
4
What is the millions digit of 2264752180?
4
What is the tens digit of 493733573?
7
What is the units digit of 46092656?
6
What is the ten millions digit of 77372985?
7
What is the units digit of 799313590?
0
What is the thousands digit of 14746978?
6
What is the ten thousands digit of 1335293312?
9
What is the hundred millions digit of 756833554?
7
What is the millions digit of 350167290?
0
What is the units digit of 24459023?
3
What is the units digit of 134444523?
3
What is the hundred millions digit of 988766202?
9
What is the tens digit of 14616559?
5
What is the units digit of 1372797033?
3
What is the units digit of 7713181?
1
What is the units digit of 549561064?
4
What is the units digit of 263435613?
3
What is the hundred millions digit of 261580908?
2
What is the ten millions digit of 2204404788?
0
What is the ten thousands digit of 29552212?
5
What is the thousands digit of 199155302?
5
What is the units digit of 51727289?
9
What is the tens digit of 435292923?
2
What is the tens digit of 19467851?
5
What is the millions digit of 2023500635?
3
What is the millions digit of 985549279?
5
What is the ten thousands digit of 19341588?
4
What is the thousands digit of 33764226?
4
What is the thousands digit of 963675286?
5
What is the millions digit of 768771793?
8
What is the hundred millions digit of 143475730?
1
What is the ten thousands digit of 30346727?
4
What is the units digit of 676147773?
3
What is the units digit of 162662700?
0
What is the hundred millions digit of 146347195?
1
What is the millions digit of 1873655960?
3
What is the units digit of 205849332?
2
What is the thousands digit of 72667116?
7
What is the thousands digit of 65915377?
5
What is the units digit of 143856639?
9
What is the thousands digit of 2628533931?
3
What is the hundreds digit of 155766571?
5
What is the millions digit of 16121483?
6
What is the tens digit of 475338657?
5
What is the units digit of 208421723?
3
What is the ten millions digit of 2557183065?
5
What is the tens digit of 904064512?
1
What is the ten thousands digit of 321979883?
7
What is the ten thousands digit of 152017272?
1
What is the hundred thousands digit of 98984300?
9
What is the ten millions digit of 1004578500?
0
What is the ten millions digit of 256398218?
5
What is the tens digit of 42000968?
6
What is the hundred thousands digit of 97009566?
0
What is the ten millions digit of 288396216?
8
What is the thousands digit of 52619728?
9
What is the millions digit of 50159325?
0
What is the hundred millions digit of 189209939?
1
What is the thousands digit of 933354999?
4
What is the hundred millions digit of 1608425747?
6
What is the tens digit of 335782489?
8
What is the thousands digit of 2232706662?
6
What is the hundred thousands digit of 6139897853?
8
What is the hundred thousands digit of 177278739?
2
What is the ten thousands digit of 879320805?
2
What is the units digit of 78846743?
3
What is the billions digit of 5405420252?
5
What is the ten millions digit of 975861104?
7
What is the thousands digit of 1487161446?
1
What is the units digit of 74357036?
6
What is the hundred thousands digit of 90065416?
0
What is the hundreds digit of 53330410?
4
What is the units digit of 3566333888?
8
What is the ten thousands digit of 1299512447?
1
What is the hundreds digit of 2547028841?
8
What is the millions digit of 20256466?
0
What is the thousands digit of 7991625580?
5
What is the hundred thousands digit of 1231605803?
6
What is the millions digit of 83200006?
3
What is the billions digit of 1036045719?
1
What is the ten thousands digit of 184601911?
0
What is the tens digit of 118402142?
4
What is the tens digit of 228661481?
8
What is the ten thousands digit of 32008980?
0
What is the ten thousands digit of 101357501?
5
What is the hundred thousands digit of 728250201?
2
What is the thousands digit of 267986122?
6
What is the hundred millions digit of 1900618823?
9
What is the millions digit of 305172867?
5
What is the ten thousands digit of 100337866?
3
What is the ten millions digit of 24957849?
2
What is the hundred millions digit of 1116290901?
1
What is the thousands digit of 825583462?
3
What is the ten millions digit of 89950455?
8
What is the hundred thousands digit of 29840066?
8
What is the ten thousands digit of 60732761?
3
What is the hundred millions digit of 1705383612?
7
What is the ten thousands digit of 1492045149?
4
What is the ten thousands digit of 664133074?
3
What is the tens digit of 69242932?
3
What is the ten millions digit of 922018838?
2
What is the thousands digit of 2590